nits digit of 132?
2
What is the tens digit of 1380?
8
What is the hundreds digit of 19993?
9
What is the thousands digit of 15033?
5
What is the hundreds digit of 9138?
1
What is the units digit of 8843?
3
What is the units digit of 2961?
1
What is the tens digit of 57075?
7
What is the hundreds digit of 308?
3
What is the hundreds digit of 25806?
8
What is the hundreds digit of 1605?
6
What is the thousands digit of 8692?
8
What is the thousands digit of 120590?
0
What is the hundreds digit of 5722?
7
What is the units digit of 8535?
5
What is the units digit of 8438?
8
What is the units digit of 2357?
7
What is the tens digit of 956?
5
What is the ten thousands digit of 20203?
2
What is the tens digit of 1565?
6
What is the thousands digit of 3971?
3
What is the units digit of 103491?
1
What is the ten thousands digit of 10383?
1
What is the thousands digit of 2024?
2
What is the tens digit of 1970?
7
What is the tens digit of 9202?
0
What is the thousands digit of 5993?
5
What is the tens digit of 2327?
2
What is the hundreds digit of 13181?
1
What is the hundreds digit of 51602?
6
What is the units digit of 428?
8
What is the hundreds digit of 1597?
5
What is the hundreds digit of 425?
4
What is the hundreds digit of 3096?
0
What is the units digit of 6633?
3
What is the tens digit of 8241?
4
What is the units digit of 915?
5
What is the thousands digit of 15328?
5
What is the units digit of 6104?
4
What is the units digit of 47?
7
What is the tens digit of 4640?
4
What is the units digit of 990?
0
What is the tens digit of 453?
5
What is the thousands digit of 15434?
5
What is the hundreds digit of 70443?
4
What is the units digit of 1927?
7
What is the hundreds digit of 733?
7
What is the thousands digit of 110092?
0
What is the tens digit of 3072?
7
What is the hundreds digit of 10020?
0
What is the hundreds digit of 252?
2
What is the hundreds digit of 2318?
3
What is the tens digit of 1977?
7
What is the units digit of 711?
1
What is the units digit of 1390?
0
What is the units digit of 15597?
7
What is the tens digit of 33463?
6
What is the tens digit of 305?
0
What is the tens digit of 7819?
1
What is the units digit of 41885?
5
What is the thousands digit of 86720?
6
What is the thousands digit of 1920?
1
What is the hundreds digit of 3370?
3
What is the hundreds digit of 552?
5
What is the hundreds digit of 122079?
0
What is the units digit of 1151?
1
What is the hundreds digit of 94744?
7
What is the tens digit of 3554?
5
What is the hundreds digit of 9556?
5
What is the units digit of 1272?
2
What is the units digit of 4052?
2
What is the thousands digit of 28906?
8
What is the units digit of 31?
1
What is the hundreds digit of 467?
4
What is the hundreds digit of 8172?
1
What is the units digit of 2945?
5
What is the units digit of 15173?
3
What is the tens digit of 2537?
3
What is the hundreds digit of 28542?
5
What is the hundreds digit of 240?
2
What is the tens digit of 815?
1
What is the thousands digit of 72948?
2
What is the tens digit of 37365?
6
What is the units digit of 404?
4
What is the units digit of 625?
5
What is the thousands digit of 94925?
4
What is the tens digit of 3851?
5
What is the thousands digit of 1351?
1
What is the ten thousands digit of 34849?
3
What is the units digit of 6640?
0
What is the hundreds digit of 6183?
1
What is the ten thousands digit of 37168?
3
What is the hundreds digit of 16957?
9
What is the tens digit of 6623?
2
What is the tens digit of 1335?
3
What is the thousands digit of 34571?
4
What is the thousands digit of 65705?
5
What is the thousands digit of 2318?
2
What is the units digit of 978?
8
What is the tens digit of 4029?
2
What is the tens digit of 1674?
7
What is the units digit of 38558?
8
What is the tens digit of 296?
9
What is the units digit of 1418?
8
What is the thousands digit of 1151?
1
What is the units digit of 39570?
0
What is the thousands digit of 87556?
7
What is the ten thousands digit of 86753?
8
What is the tens digit of 22159?
5
What is the thousands digit of 7318?
7
What is the hundreds digit of 416?
4
What is the hundreds digit of 29630?
6
What is the thousands digit of 49188?
9
What is the units digit of 68555?
5
What is the tens digit of 520?
2
What is the units digit of 61264?
4
What is the tens digit of 5746?
4
What is the units digit of 309?
9
What is the tens digit of 7789?
8
What is the ten thousands digit of 27856?
2
What is the hundreds digit of 58132?
1
What is the tens digit of 19393?
9
What is the tens digit of 3859?
5
What is the hundreds digit of 118634?
6
What is the units digit of 44791?
1
What is the units digit of 1515?
5
What is the hundreds digit of 777?
7
What is the units digit of 68494?
4
What is the ten thousands digit of 42484?
4
What is the units digit of 8438?
8
What is the tens digit of 465?
6
What is the tens digit of 1907?
0
What is the ten thousands digit of 22345?
2
What is the thousands digit of 65349?
5
What is the units digit of 1549?
9
What is the units digit of 83781?
1
What is the tens digit of 21146?
4
What is the units digit of 16088?
8
What is the tens digit of 596?
9
What is the ten thousands digit of 83624?
8
What is the units digit of 936?
6
What is the thousands digit of 78957?
8
What is the units digit of 1119?
9
What is the hundreds digit of 6282?
2
What is the thousands digit of 4188?
4
What is the thousands digit of 5174?
5
What is the tens digit of 3975?
7
What is the units digit of 3236?
6
What is the hundreds digit of 781?
7
What is the hundreds digit of 246?
2
What is the hundreds digit of 1923?
9
What is the units digit of 10035?
5
What is the tens digit of 12199?
9
What is the hundreds digit of 114137?
1
What is the hundreds digit of 15365?
3
What is the units digit of 4460?
0
What is the hundreds digit of 10487?
4
What is the ten thousands digit of 13130?
1
What is the ten thousands digit of 14937?
1
What is the tens digit of 64660?
6
What is the thousands digit of 1751?
1
What is the hundreds digit of 1779?
7
What is the tens digit of 102656?
5
What is the thousands digit of 130912?
0
What is the thousands digit of 26742?
6
What is the ten thousands digit of 30060?
3
What is the hundreds digit of 845?
8
What is the thousands digit of 1745?
1
What is the hundreds digit of 1591?
5
What is the ten thousands digit of 22528?
2
What is the thousands digit of 1800?
1
What is the units digit of 8212?
2
What is the thousands digit of 5294?
5
What is the units digit of 129?
9
What is the units digit of 34714?
4
What is the hundreds digit of 1190?
1
What is the tens digit of 827?
2
What is the tens digit of 145481?
8
What is the tens digit of 59127?
2
What is the hundreds digit of 5482?
4
What is the units digit of 1015?
5
What is the thousands digit of 5673?
5
What is the thousands digit of 2286?
2
What is the ten thousands digit of 63248?
6
What is the thousands digit of 9824?
9
What is the tens digit of 152?
5
What is the tens digit of 923?
2
What is the units digit of 98635?
5
What is the units digit of 127684?
4
What is the hundreds digit of 6040?
0
What is the hundreds digit of 1049?
0
What is the tens digit of 63381?
8
What is the tens digit of 339?
3
What is the units digit of 925?
5
What is the thousands digit of 15356?
5
What is the units digit of 31640?
0
What is the hundreds digit of 4112?
1
What is the thousands digit of 7442?
7
What is the tens digit of 73695?
9
What is the hundreds digit of 95084?
0
What is the units digit of 3206?
6
What is the hundreds digit of 127?
1
What is the tens digit of 98?
9
What is the thousands digit of 5509?
5
What is the units digit of 125306?
6
What is the tens digit of 4012?
1
What is the tens digit of 59114?
1
What is the tens digit of 898?
9
What is the thousands digit of 6291?
6
What is the units digit of 3625?
5
What is the units digit of 1979?
9
What is the hundreds digit of 198?
1
What is the tens digit of 2374?
7
What is the tens digit of 43?
4
What is the thousands digit of 18204?
8
What is the units digit of 1895?
5
What is the hundreds digit of 9801?
8
What is the hundreds digit of 13923?
9
What is the hundreds digit of 2083?
0
What is the hundreds digit of 1882?
8
What is the tens digit of 31169?
6
What is the tens digit of 2179?
7
What is th